). Suppose 16 = 5*h + 4*n - k, -y*h = 2*n - 16. Is h prime?
False
Suppose 5*w - 1633 = 3*k, -w + 337 = -0*w + 2*k. Is w a composite number?
True
Let q(s) = s**2 - 9*s + 10. Suppose 4*k = -16 + 48. Let m be q(k). Suppose -8 - 20 = -m*y. Is y composite?
True
Let x be (2/3)/(6/63). Let u = 7 - -2. Suppose 0 = -x*r + u*r - 262. Is r a prime number?
True
Let r be 4/(-18) + (-30)/(-135). Let w(s) = s**3 - s**2 - 2*s + 451. Is w(r) a prime number?
False
Let v = 32 + -2. Suppose 4*x - 410 = -v. Is x composite?
True
Let o = 3660 - 1559. Is o composite?
True
Let y be 7118/6 - 1/3. Suppose 5*w + 154 = -y. Let m = -189 - w. Is m prime?
True
Let l(s) = -s + 3. Let y be l(-2). Suppose 4*o = y*o + 111. Let n = o + 160. Is n a composite number?
True
Suppose 3*z - 2*z - 119 = 0. Is z a composite number?
True
Let c = 98 - 2. Suppose -d + 5*m = -38, 3*m = -3*d + c + 36. Suppose 3*f - d - 47 = -2*h, 5*f = -4*h + 176. Is h composite?
True
Suppose 2*t = 2*c + 2*c - 2986, 2*c = -5*t + 1475. Is c a composite number?
True
Let b = 7 - -9. Suppose 5*x = 3*n + 304 + 153, -4*n - b = 0. Is x a prime number?
True
Suppose 102 = 4*o - 2*o. Let f = 94 - o. Is f a composite number?
False
Let c(w) = w**3 - 3*w**2 - 8*w + 9. Is c(7) composite?
False
Let j(x) = 76*x + 1. Let p = -2 - -3. Is j(p) prime?
False
Let z = 12 - -13. Suppose -5 = 2*l - 1. Is -2 + z - (-1 - l) prime?
False
Suppose 4*v - r - 447 = 0, 67 = v + 3*r - 35. Is v a composite number?
True
Suppose 0 = -2*i - 1066 - 1040. Is (2/6)/((-9)/i) composite?
True
Let s = -21 + 40. Is s a composite number?
False
Let y(b) = -b**3 + b**2 - b + 1. Let w(k) = 5*k**3 + k**2 + 13*k - 7. Let n(l) = w(l) + 6*y(l). Let t be n(7). Suppose t = 4*m - 76. Is m composite?
False
Let z(i) = i**3 - 5*i**2 - 5*i - 3. Let f be z(5). Let y = f - -281. Is y a composite number?
True
Suppose -79 = 2*z + 143. Let q be 87/(2 - z/(-60)). Suppose -3*o = -3*t - t + q, -3*t + 434 = -2*o. Is t a prime number?
False
Suppose 5*n = 5*s, 0 = s - 0*n + 5*n - 6. Suppose -4*g = h - 21, g - 5 = -1. Is (0 + s)/(h/70) prime?
False
Suppose 0 = 4*y + 4*k - 172, -4*y + 5*y - 33 = 4*k. Let m = -23 + y. Is (-2)/9 + 184/m a prime number?
False
Let a = -4 - -6. Suppose 2*d + d = 39. Suppose y - d = a*f + 7, 4*y + 4*f - 44 = 0. Is y a prime number?
False
Let u = 29 - 23. Let n = u + 9. Is n composite?
True
Let t(f) = -f**3 - 7*f**2 - 7*f - 2. Let o be t(-6). Suppose o*p + r = p + 485, 0 = 3*p - 5*r - 473. Is p a composite number?
True
Let y be 0*(-3)/(-9) - -45. Suppose 5*b = y + 145. Is b a composite number?
True
Suppose 0 = 5*w + 5*q + 85, -4*q = -2*w + 1 - 5. Suppose -4*y - y - 18 = x, -102 = 3*x - y. Let g = w - x. Is g a prime number?
False
Let v(k) = -15*k + 10. Let y be (-1 - 0)*0/1. Suppose y = -l - 4*l - 35. Is v(l) a prime number?
False
Let i = 202 - 93. Let s = i + -47. Is s composite?
True
Let o = 1126 - 689. Let m = 415 + -286. Suppose -4*t + o = m. Is t prime?
False
Let x be 3/((-3)/(-1 + -2)). Suppose -5*f + 0*f + 32 = -x*t, -4*f = t - 29. Suppose 4*y + f - 67 = 0. Is y composite?
True
Let j(i) = -10*i + 9. Let q be 2/(-10) + (-54)/5. Is j(q) composite?
True
Let m(h) = -11*h - 1. Let b be m(3). Suppose 0*v = -5*v + 95. Let k = v - b. Is k prime?
True
Let t be -1 + (2 - -4) + 0. Suppose t*r + 20 = 0, 0 = -4*k + 5*r + 1757 - 749. Is k prime?
False
Let i = -1 - -3. Suppose -3*w + 5 = 3*u + i*u, -3*u - 11 = -w. Suppose 5*m - 111 = -0*z - 2*z, -m + w*z = -6. Is m prime?
False
Let i = 1961 + -946. Suppose -5*q + 0*q + i = 0. Is q a composite number?
True
Let l(a) = 57*a**2 + 2*a + 9. Is l(4) prime?
True
Let h(s) = 50*s - 1. Let v be (-64)/(-10) - 6/15. Let i(n) = n**3 - 5*n**2 - 6*n + 1. Let y be i(v). Is h(y) a composite number?
True
Let r(w) = -w**3 + 3*w**2 + w + 2. Let q be r(3). Suppose q*g + 65 = -10. Let c = 6 - g. Is c composite?
True
Let f(c) = c**2 + 4*c. Let n be f(-4). Suppose 0*m - m + i + 47 = n, 0 = -i. Is m prime?
True
Let c(i) = -4*i - 8. Let v be c(-6). Let x = -8 + v. Suppose x = -w + 5*w, -2*o = -2*w - 24. Is o prime?
False
Is 9/((-18)/(-8)) + 645 composite?
True
Let o be 3/(-6) - (-53)/2. Let h be (1 - 3 - -1) + 3. Suppose -j = g - 14, -5*j + o = h*g - j. Is g composite?
True
Let h = 7 - 18. Let c = 2 + h. Is (c/(-6))/3*86 composite?
False
Suppose 13*k - 18*k + 3485 = 0. Is k composite?
True
Let f = -6 + 8. Suppose 1060 = -5*w + f*t, t + 865 = -4*w + 6*t. Is 1/(-2*3/w) prime?
False
Let k(n) = 17*n - 2. Let q be k(1). Let i(s) = s**3 - 14*s**2 - 10*s + 7. Is i(q) a composite number?
True
Let x(n) be the second derivative of -n**3/6 + 3*n**2/2 - 3*n. Is x(-4) prime?
True
Let t(a) = -2*a - 10. Let x be t(-7). Suppose -3*c + 217 = x. Suppose 3*y = 2*o + c, 0*y - 5*y - 5*o = -110. Is y prime?
True
Let a(k) = k + 2. Let y be a(0). Let p(z) = 6 - y - 1 - 1 + 2*z. Is p(6) composite?
True
Suppose -10 = -2*t - 244. Let d = 311 + t. Is d a prime number?
False
Let t(i) = i**3 + 10*i**2 - 3*i - 2. Let x be t(-10). Let h = 3 + x. Is h a composite number?
False
Let d(a) = 3*a**2 - 6*a + 7. Is d(6) a composite number?
False
Suppose 4*y + v - 14 = 0, 4*v - 6 = 3*y - 26. Suppose -q - y*h = -223, -4*q + 2*h - 132 = -970. Is q composite?
False
Let l = -109 + 329. Let q = l - 126. Is q a prime number?
False
Suppose -3*k + 0*k + 1638 = 0. Suppose -5*j - 106 = 5*g - k, -j - 422 = -5*g. Let i = 120 - g. Is i a composite number?
True
Let n(f) = f**2 - 10*f + 11. Let x be n(8). Let q = -4 - x. Is (124/8)/(q/10) a prime number?
False
Let o(m) = 2*m**2 - 9*m + 2. Suppose -t - 3 = -0*t, 2*u - 5*t = 29. Suppose b - u = 2*b. Is o(b) prime?
True
Suppose 4*n = -0*n - 5*r + 1378, -3*r - 1047 = -3*n. Is n prime?
True
Suppose 3*q + 0 = 9. Suppose q*h - 469 = 2*h. Is h a prime number?
False
Let v(z) = -z**3 - 7*z**2 - 8*z - 4. Let r be v(-5). Let y = r + 47. Is y prime?
False
Let i = 527 - 248. Suppose -a = -4*a + i. Is a composite?
True
Is 1/((-3)/5892)*3/(-12) prime?
True
Let r = 458 - 93. Let k = r - 197. Suppose -5*s + k + 77 = 0. Is s a composite number?
True
Let q = -394 + 562. Suppose o - q = 11. Is o composite?
False
Is 54600/9 + 1 - 4/6 a composite number?
False
Suppose d - 3*t = 2*t + 94, -d = t - 88. Is d a prime number?
True
Suppose d - 269 = 2*w, 3*w = d + 4*d - 1310. Is d a composite number?
True
Let n(i) = 168*i**2 - 10*i - 4. Let h(a) = 112*a**2 - 7*a - 3. Let r(q) = -7*h(q) + 5*n(q). Is r(2) prime?
True
Suppose -i - i - 5*q = -1164, 2*q + 591 = i. Is i composite?
False
Suppose m - 243 = 4*n, -500 = -2*m + 4*n - 3*n. Is m a composite number?
False
Let a(l) = 5*l**3 - 6*l**2 + 8*l. Is a(5) prime?
False
Let j be (20/(-15))/(4/6). Is 69 + -5 + 3 - j a composite number?
True
Let x be (51/(-2))/(15/140). Let d = x + 112. Let q = -73 - d. Is q prime?
True
Suppose -24061 + 5860 = -5*l + 2*m, -2*l = 2*m - 7286. Is l a composite number?
True
Suppose 4*z + 913 = 15*z. Is z a prime number?
True
Let q = -1701 - -2404. Is q composite?
True
Let d = -6 - -9. Suppose -6*p + 125 = -p - 5*t, 0 = d*p + 2*t - 65. Is p composite?
False
Let f = -405 + 872. Is f a prime number?
True
Let s(p) = -2*p**2 - 9 + 3*p**2 + 6*p - 2*p**2. Let f be s(7). Let q = f + 22. Is q a prime number?
False
Let m(v) = v. Let r = -9 + 6. Let i be m(r). Is (1/i)/((-1)/159) a prime number?
True
Let i(h) = -2*h**3 + 2*h**2 - 2*h + 3. Let n be i(2). Let m be -2*(-3)/(-6)*n. Is (-12)/m*30/(-4) a composite number?
True
Let l(p) = p**2 - 11*p. Let c be l(11). Suppose 0*q + 2*q = c. Is (-6 - -38) + q + 1 a composite number?
True
Let j = -70 - -341. Is j prime?
True
Let z = -9 + 11. Suppose q - 5 = 0, -3*q = 3*x + z*q - 976. Is x composite?
False
Let b(w) = -2*w**2 - 34*w**3 - 2 + w**2 + 0*w + 2*w + 1. Is b(-2) prime?
True
Suppose -5 = -3*q + 1. Suppose q*w = -w + 15. Suppose i = -2*i - 5*j + 100, w*i = 4*j + 179. Is i composite?
True
Let c = 21 + -2. Suppose 79 - c = -3*x. Let n = x - -30. Is n a prime number?
False
Suppose 3*g - 2*h = -0*h + 411, 4*g - 541 = 5*h. Is g a composite number?
False
Is (-140 - 1)/(8/(-8)) a prime number?
False
Let a be -2*2*(-17)/4. Suppose 2*k = -5*y - a + 282, 0 = y + 5*k - 53. Is y prime?
True
Is (5482/5)/(0 - (-4)/10) a composite number?
False
Let y be 130/18 - (-6)/(-27). Suppose y*h - 4*h - 159 = 0. Is h prime?
True
Let o = 5 + 1432. Is o a prime number?
False
Let i = 5 - 9. 